
2, 3, 7
Let g = -34 + 30. List the prime factors of 32/(2 + 4 + g).
2
What are the prime factors of 416 - (-7)/14*10*1?
421
Let m(l) = 27*l**2 + 21*l - 71. What are the prime factors of m(4)?
5, 89
Let t = 5071 + -1207. List the prime factors of t.
2, 3, 7, 23
Let k = 10 - 1. Suppose -k*i = -990 + 126. List the prime factors of i.
2, 3
Let w = 29 + 1. Let t = 24 - w. Let d(v) = -8*v - 11. List the prime factors of d(t).
37
Let d(i) = 31*i - 66. Let c be d(9). Suppose -c = 7*a - 1578. List the prime factors of a.
3, 5, 13
Let b(v) = v**2 - 6*v - 2. Let l be b(9). Suppose l = -h + 86. Suppose -4*i + 5*g = -h, -5*g - 6 = -i + 13. List the prime factors of i.
2, 7
Let q(x) = 2*x**2 - 18*x - 38. Let a be q(17). Suppose -a = -8*m + 78. List the prime factors of m.
3, 13
Let t be -17*(-24)/18*(7 + -1). Let k = -53 + t. What are the prime factors of k?
83
Let s(f) = f**2 - 9*f + 9. Let h be s(7). Let q be ((-44)/16)/(h/(-80)). What are the prime factors of (-22)/3*66/q?
11
Let a be (4 + -5)/(-2*1/22). What are the prime factors of a + 4/(-2)*(0 + -1)?
13
List the prime factors of 3/(-7) + (-10 - 72644/(-28)).
2, 17, 19
Suppose 0 = -6*l - l + 63. Let b(a) = a - 5. Let u be b(l). Suppose -u*d - 26 = q - 6*q, -q = -d - 5. List the prime factors of q.
2, 3
Let w = -57 + 477. Suppose 0 = -0*u - 6*u + w. List the prime factors of u.
2, 5, 7
Suppose 2*p - 3 = p, b = -p + 310. Suppose -4*s = -3*r - 315, r - b = -4*s - 4*r. List the prime factors of s.
2, 3, 13
Let g(m) = 8*m**2 + 2*m - 2. Let b be g(4). Let i = -76 + b. What are the prime factors of i?
2, 29
What are the prime factors of -2*8589/(-24)*4?
7, 409
Let a = -5 + 11. Let y be (-81)/a*(-24)/9. Suppose -9*d = -5*d - y. List the prime factors of d.
3
Suppose 4*j + 4 = 20. Let q = j - 0. List the prime factors of 0 - (q + 1)*-6.
2, 3, 5
Let o(f) = 80*f - 48. Let y(z) = z - 1. Let w(p) = o(p) - 64*y(p). What are the prime factors of w(9)?
2, 5
Suppose -54*o - 3335 = -3*k - 55*o, -2*k - 5*o + 2219 = 0. List the prime factors of k.
2, 139
List the prime factors of (-50950)/(-60) - (-15)/18.
2, 5, 17
Suppose 12 = w + 2*f, -w + 2*f + f = -2. Suppose -2*h - w = 0, -51 + 226 = 3*l + 5*h. What are the prime factors of l?
5, 13
Let c(m) = -2*m**2 + 6*m - 7. Let w be c(2). What are the prime factors of (w/2)/(12/(-200))?
5
Let f(w) be the second derivative of -w**5/20 - w**4/12 + 4*w**3/3 + 7*w**2/2 - 98*w. Let c = 11 - 16. What are the prime factors of f(c)?
67
Let i = -116 - 20. Let q = 54 - i. List the prime factors of q.
2, 5, 19
Let y(u) = -6*u - 17. Let p be y(-4). Suppose -i - 1260 = -p*i. List the prime factors of i.
2, 3, 5, 7
Let c(f) = 2*f - 2. Let h = -19 + 19. Let j be c(h). What are the prime factors of 26 - (2 - 2/j)?
23
Suppose -267*o + 273*o - 2010 = 0. List the prime factors of o.
5, 67
Suppose 13*w - 48 = 10*w. Suppose -19*p + w*p = -102. List the prime factors of p.
2, 17
Suppose 25*q + q - 5772 = 0. List the prime factors of q.
2, 3, 37
Suppose -17 = -2*f + v + 7, 0 = 5*f + 4*v - 34. List the prime factors of 368/f*(-20)/(-8).
2, 23
Let p(v) = -v**3 + 20*v**2 - 16*v - 43. Let c be p(19). Let b = c + 69. What are the prime factors of b?
83
Let k be (6/(-9))/((-2)/(-1167)). Let r = 546 + k. What are the prime factors of r?
157
Suppose -37758 = 25*c - 67*c. What are the prime factors of c?
29, 31
Let h = 25 - 10. What are the prime factors of ((-110)/h - -6)/(2/(-291))?
2, 97
Let q = -4518 - -7030. What are the prime factors of q?
2, 157
Let l(z) = 56*z + 176. List the prime factors of l(24).
2, 5, 19
Suppose 2*h = 2 + 38. Suppose -a + 6*a = h. Suppose 4*b + a - 36 = 0. What are the prime factors of b?
2
Suppose -4 = 3*o + o, 3*w = -5*o + 5938. List the prime factors of w.
7, 283
Let g(s) = -1 + 2*s**2 - s - 2*s**2 + 0*s - s**2 + 6*s**3. Let f be g(-1). Let x(h) = -3*h - 1. What are the prime factors of x(f)?
2, 5
Let u(l) = -610*l**3 - 5*l - 6. List the prime factors of u(-1).
3, 7, 29
Let x = -3148 + 4937. List the prime factors of x.
1789
Suppose 0 = 4*t - 16, 2*z - 86*t - 1382 = -85*t. List the prime factors of z.
3, 7, 11
Let n be ((-4)/14)/(3/(-21)). Let b be -2*(n - 67) + 0. Suppose -b = 4*t - 9*t. What are the prime factors of t?
2, 13
Let v(m) = 4*m**2 + 131*m + 35. List the prime factors of v(-38).
7, 17
Let z(k) = -k**3 + 5*k**2 - 6*k + 2. Let c be z(2). What are the prime factors of 3/c*(-700)/(-15)?
2, 5, 7
Let d(s) = -14 - 35*s**2 + 21*s**2 + s**3 + 8*s**2 - 7*s + 21*s**2. List the prime factors of d(-15).
7, 13
Let w be 4*(-1 - 17/4). Let g(r) = -44*r**3 + 5*r + 4. Let d be g(-1). Let f = w + d. List the prime factors of f.
2, 11
Let x(b) = 34*b - 8*b**2 + 9*b**2 - 32 - 2*b**2. What are the prime factors of x(29)?
113
Suppose -d - 6 = 2*m, -4*d = -4*m - 0*m - 24. Suppose -5*t + 196 = 4*k, d*t = -3*k + 129 + 18. List the prime factors of k.
7
Suppose -1195 = -4*z - 755. List the prime factors of z.
2, 5, 11
Let s = 24 - 19. Let b = s + -1. Suppose b*o = 5*u - 2*u + 224, 41 = o + 3*u. List the prime factors of o.
53
Let r = 1017 + -771. List the prime factors of r.
2, 3, 41
Suppose 152 = -4*u - 2*r, -2*r - 71 - 5 = 2*u. Let v = -23 - u. Suppose -g = -2*d - v - 16, g - 43 = -d. What are the prime factors of g?
3, 13
Let r be (6/(-21))/((-2)/14). Suppose u - 9 = -2*j, -5*u + r*u + 12 = 3*j. Suppose -j*o + 3 = -27. List the prime factors of o.
2, 3
What are the prime factors of (2316/9)/((-2)/(-3))?
2, 193
Suppose 4*j = 883 + 221. Suppose 7*m - 6*m = -j. What are the prime factors of 8/20 - m/10?
2, 7
Suppose o + 18080 = 33*o. What are the prime factors of o?
5, 113
Suppose -1 - 4 = -u. Suppose -2*h - m + 123 = 0, 2*h + h + u*m = 188. What are the prime factors of h?
61
Suppose 0 = 2*m + q - 9, -5*m - 2*q = -4*q - 9. Suppose 0 = 5*h - 2 - m. What are the prime factors of -3 - -6 - (h - 4)?
2, 3
Let i(l) = -7*l**2 + l + 6. Let w(k) = -6*k**2 + 2*k + 6. Let b(p) = 4*i(p) - 5*w(p). Let z be b(5). Suppose 0 = 2*h - 42 - z. What are the prime factors of h?
2, 7
Suppose 4*p = 3*m - 30, 4*m - 38 = 4*p + 5*m. Let x(v) be the first derivative of -5*v**2/2 - 2*v - 2. What are the prime factors of x(p)?
43
Let p(s) = -3 + 3 - 3 + 2*s**2 + 2*s - 3. Suppose -27 = 2*w - 2*i - 7, 0 = -w - 2*i + 5. What are the prime factors of p(w)?
2, 17
What are the prime factors of (-1)/(-2)*(2 + 2712/1)?
23, 59
Let r be 5/10*20*(12 - 1). Let o = -108 + r. What are the prime factors of o?
2
Suppose 2*x + 5*q - 901 - 725 = 0, 3*q + 6 = 0. What are the prime factors of x?
2, 409
Let o = -74 - -106. Let m be (-1 - -4) + (1 - o). Let t = -17 - m. What are the prime factors of t?
11
Let h be 1*34*-1*1. Let m = 92 - h. Suppose 2*v = -3*a - 48 + 142, -4*a + m = 3*v. List the prime factors of a.
2, 3, 5
Suppose -z + 32 = 2*g, 0 = 4*g - 0*z + z - 64. Suppose s = -0*s + 59. Suppose -g = -3*q + s. What are the prime factors of q?
5
Suppose -4*l + 7473 = -7203. What are the prime factors of l?
3, 1223
What are the prime factors of (-6)/(-16) - (-2)/16*901?
113
Suppose -2*u = o + 30, -56 = 4*u - 2*o + 3*o. List the prime factors of -4 - u/(13/66).
2, 31
Let u = 67 + -75. What are the prime factors of 3/(-2)*u/6 - -168?
2, 5, 17
Suppose -3*p = -4*d + 14370, -5*p - 9178 = -3*d + 1594. List the prime factors of d.
2, 3, 599
Suppose 6*q - 592 = 236. What are the prime factors of (2*q/(-15))/(2/(-10))?
2, 23
What are the prime factors of 5 - (-930 + (1 - 6) + 9)?
7, 19
Suppose -2243 = 10*j - 13743. What are the prime factors of j?
2, 5, 23
Let y(j) = 2*j**2 - 2*j - 2. Let n be y(-2). Let p = -7 + n. Suppose 2*k - 13 = 5*r, 4*r - p - 1 = 0. What are the prime factors of k?
3
Suppose g - 12 = -3*g. What are the prime factors of 0*g/(-12) - (1 + -113)?
2, 7
Suppose 2*i + 5*g = -23, 4*i + 5*g + 24 = -7. Let s be (-15)/i + (-1)/(-4). Suppose -5*b + 26 = c, -5*b = -b - s. What are the prime factors of c?
3, 7
Let w be (-6)/(-27) + ((-4)/18 - -1). What are the prime factors of (2 - w)/2*142?
71
Let k(v) = -10*v - 10. Let g(f) = -10*f - 11. Let z(a) = 6*g(a) - 5*k(a). List the prime factors of z(-5).
2, 17
Let q(f) = 44*f - 116. What are the prime factors of q(18)?
2, 13
Let h(f) = -f + 1. Let s be h(1). Let m(r) = r + 2 - r**2 + 29 + 0. List the prime factors of m(s).
31
What are the prime factors of (-14)/21 + 6116/3?
2, 1019
Let 